 is the highest common factor of c and f?
11
Suppose -4*b = -3*b - 48. Calculate the highest common factor of 6 and b.
6
Let r = -82 + 142. Calculate the highest common divisor of 24 and r.
12
Suppose -1603 = -5*g + 2*p, 5*p + 0*p - 618 = -2*g. What is the highest common factor of g and 29?
29
Let c = -161 + 173. What is the highest common factor of 6 and c?
6
Let u = 20 - 0. Calculate the greatest common factor of u and 5.
5
Suppose -2*u = 2*r - 168, 0 = -3*u + 4*r + 245 - 21. Let l(c) = -11*c + 2. Let w be l(-2). Let s = 40 - w. What is the highest common divisor of s and u?
16
Let p(r) = -r**2 + 8*r + 4. Let g be p(8). Suppose g*a = -4*c + 140, 2*a = -3*c - 0*a + 100. What is the greatest common factor of c and 20?
10
Let d be ((2 - 1) + -4)/(-1). Let q be 15/(-3)*(-1 - 0). Suppose 0 = -y - d*x + 45, -q*y = -7*y - x + 90. What is the greatest common factor of 9 and y?
9
Suppose 2*n - 85 - 7 = 0. Let f = 17 + 98. What is the highest common factor of n and f?
23
Let k be 20/(-5)*-1 + 118 + -2. Calculate the highest common divisor of 12 and k.
12
Let r = -56 - -68. Suppose 2*x - 29 = 7. What is the greatest common divisor of r and x?
6
Let o be 4/(-22) - 272/(-44). Let h = 11 - o. What is the highest common factor of 2 and h?
1
Let i(r) = 2*r**2 - r - 3. Let w be i(3). Calculate the greatest common divisor of w and 24.
12
Let l(t) = t + 4. Let o be l(0). Let q be (2/o)/(2/12). Suppose p + q = 0, -3*p + 1 = -r + 2*r. Calculate the highest common divisor of r and 25.
5
Let w be 0 + 1 - (-4 - -1). Suppose 0*f = -3*f + w*y + 15, -3*f - 4*y + 15 = 0. Calculate the highest common divisor of 5 and f.
5
Suppose -5*k = -4*c - 0*c - 6, 3*k - 11 = -5*c. Suppose -3*u - 3*o = -18, -14 = u - 5*o + 2*o. What is the greatest common divisor of c and u?
1
Let x = -2 + 3. Let n = -18 + 26. Calculate the highest common divisor of x and n.
1
Suppose -3*b = -5*d + 45, 5*d + 3*b - 55 = 8*b. What is the highest common factor of d and 6?
6
Let d be (-3)/12 - 117/(-4). Let r(n) = -n**3 + 13*n**2 + 18*n - 2. Let f be r(13). What is the greatest common divisor of f and d?
29
Let i(o) = o**3 + 10*o**2 + o + 12. Let s be i(-10). Suppose -4*x - u + 61 = -s*u, 4*u = 2*x - 34. What is the highest common divisor of 15 and x?
15
Let j(n) = -13*n + 2. Let i be j(3). Let b = 159 + i. Let s = b + -31. What is the highest common divisor of s and 13?
13
Let i(u) = u**3 + 10*u**2 - 8*u. Let r be i(-8). Calculate the highest common divisor of 48 and r.
48
Suppose -2*h = -3*y - 20, -5*h - y + 129 = 45. Calculate the greatest common divisor of h and 144.
16
Let z(s) = -s**2 - 8*s - 7. Let u be z(-5). Suppose 0 = 4*x - 64 + u. Calculate the highest common divisor of 154 and x.
14
Suppose -6*j + 210 = 9*j. Calculate the highest common divisor of 154 and j.
14
Let r = -56 + 60. What is the greatest common divisor of 4 and r?
4
Let x be -74*-2*2/8. Let v = x - 22. What is the highest common factor of v and 6?
3
Let c(w) be the first derivative of w**4/4 + 2*w**3/3 - 3*w**2/2 - 3. Let b be c(-3). Suppose b*a + 55 = 5*a. What is the greatest common factor of 44 and a?
11
Suppose 23 = -5*t - 12. Let f = t - -28. Suppose -39 = -5*l + f. What is the highest common divisor of 3 and l?
3
Let h be 12/(-54) - (-2922)/27. What is the greatest common factor of 12 and h?
12
Let d(m) = 22*m - 4. Suppose 6*g = 2*g + 16. Let i be d(g). Calculate the highest common factor of 12 and i.
12
Let y be 3 - (-2 - -3) - -17. Suppose 2*z - y = -3*s, -5*z + 2*s + 15 = 3*s. Let d = z + 20. Calculate the greatest common factor of 2 and d.
2
Suppose -2*i + 24 = -6*i. Let c be i*3/(-4)*2. Suppose -108 = -2*x - x. Calculate the greatest common divisor of c and x.
9
Suppose 2*z - 48 = -2*c, -c = -5*z - 4*c + 124. Let m = 74 - z. Calculate the greatest common factor of 16 and m.
16
Suppose -101 = -2*q - 9. What is the highest common divisor of 69 and q?
23
Suppose 2*o = o + 4. Let m be 192/33 + o/22. Suppose m = -5*i + 61. Calculate the highest common divisor of i and 77.
11
Let k = -4 - -6. Let t(b) = b - 3. Let d be t(5). Suppose d*i - 5 = 5. What is the greatest common divisor of i and k?
1
Let t be 0/5*(-1)/(-2). Suppose 3*m + 8 - 35 = t. Calculate the greatest common factor of m and 72.
9
Let t(q) be the second derivative of q**3/2 + 3*q**2/2 + 7*q. Let n be t(3). What is the highest common factor of n and 60?
12
Let m(h) = h**2 - 2*h - 5. Let g be m(-4). Let f = g - 8. Calculate the highest common divisor of 44 and f.
11
Let u be (31 + -1)*24/(-60). Let i(y) = -4*y - 18. Let w be i(u). What is the highest common divisor of 90 and w?
30
Let d(o) = o**2 + 2*o. Let a be d(4). Let k = a + -12. Let w be (18/5)/(k/30). What is the greatest common divisor of w and 6?
3
Suppose 4*m + 4*i - 4 = 0, 3*i + 4 - 3 = -m. Suppose m*f - 7 = 15. What is the greatest common divisor of f and 11?
11
Let c be (-7 - (-1 + 5))/(4/(-112)). What is the greatest common divisor of c and 28?
28
Suppose k + 40 = -k. Let d = 1 - k. Calculate the highest common divisor of d and 147.
21
Let j = -2 + 6. Calculate the highest common divisor of j and 32.
4
Suppose -f = -0*f - 2. Suppose -4*g = -h + 73, -h - f*h + 5*g = -226. Let y(z) = -3*z + 2. Let j be y(-3). Calculate the greatest common divisor of j and h.
11
Suppose 0 = 2*o - x + 40, 4*x + 16 + 71 = -5*o. Let g = -8 - o. Calculate the highest common factor of g and 11.
11
Let n be -30*(-12)/10*4. Calculate the highest common divisor of 24 and n.
24
Suppose 0 = -3*b + 3*i + 27, -2*b + 2*i = 3*b - 42. What is the greatest common factor of b and 32?
8
Let x be (5/(-10))/(2/(-52)). Calculate the highest common divisor of x and 104.
13
Let n = 10 - 5. Suppose 0 = -3*k - n*w - 104, -k - 5*w - 76 = k. Let m = k - -52. Calculate the greatest common factor of 12 and m.
12
Let y(k) = 8*k**2 - k. Let b be y(1). Suppose 17 = 4*f - b. Suppose -z - 1 = -3. What is the greatest common divisor of f and z?
2
Let d be ((-54)/21)/((-3)/(-42)*-2). Suppose -4*w - 20 = -2*r - 0*r, 22 = r + w. Calculate the greatest common factor of d and r.
18
Suppose -2*n + 2 = -0. Let y(w) = w + 2. Let m be y(6). Calculate the highest common divisor of m and n.
1
Let g be 5/(-1)*(-1 + 0). Suppose -24 - 56 = -g*p. Calculate the greatest common factor of p and 4.
4
Let i(f) = -f**2 + 2*f - 1. Let o be i(1). Suppose o = -5*m - 0*m + 25. Let n = -9 + 24. Calculate the highest common divisor of m and n.
5
Let u = -22 + 50. What is the highest common divisor of 42 and u?
14
Let g be (-1)/((-859)/(-1440) - (-3)/(-5)). Calculate the greatest common factor of 32 and g.
32
Suppose 0 = -n + 4*n - 36. Calculate the highest common divisor of 48 and n.
12
Let a = 335 - 218. Let v be (-17 - (2 + 1)) + -3. Let o = v + 36. Calculate the greatest common factor of o and a.
13
Let o be (11 + -1)*(-16)/(-10). Suppose 0 = -4*u + 31 + 33. Calculate the greatest common factor of u and o.
16
Suppose -2*a = 3*a - 2355. Let c = a + -284. Calculate the highest common factor of 17 and c.
17
Let j(l) = l - l + 31 + 2*l - 3*l. Let b be j(0). What is the greatest common factor of 279 and b?
31
Let t(m) = m**3 - 2*m**2 - m. Let s be t(-1). Let q be (-62)/(-2) + 1 + s. What is the greatest common factor of q and 10?
10
Suppose -3*o + 27 = 5*j - j, -4*o - 57 = -5*j. What is the greatest common divisor of 18 and j?
9
Suppose -2*f - 3*f = -20. Suppose 3*x = 5*r - 205, 5*r - f*x = -44 + 244. Suppose -13*y + 15*y - 8 = 0. Calculate the highest common factor of y and r.
4
Let u(v) = v - 1. Let q be u(6). Suppose 371 = 3*y + q. Suppose -4*d + j = -y, 15 = 2*d + 4*j - 37. What is the greatest common factor of d and 20?
10
Let b be -9 - -19 - (-6)/2. What is the greatest common divisor of 13 and b?
13
Let r(q) = 3*q + 7. Let x be r(5). Suppose 2*p = 32 + 34. What is the greatest common factor of p and x?
11
Suppose -6*x + 87 = -3. Calculate the highest common divisor of 5 and x.
5
Let r(b) = b + 1. Let g be r(0). Suppose -3*s = g - 79. Calculate the greatest common factor of 39 and s.
13
Let i be (-9)/12 + (-300)/(-32)*2. What is the greatest common factor of i and 30?
6
Let b = 64 - 24. Let o = 2 + 6. What is the highest common divisor of o and b?
8
Suppose q + 32 = 2*q. Let c be (-30)/24*(-240)/75. What is the greatest common factor of c and q?
4
Let g(v) = 2*v**2 - 3*